{"id":262,"date":"2015-12-09T15:43:11","date_gmt":"2015-12-09T15:43:11","guid":{"rendered":"http:\/\/kapitaenmullebutz.lu\/?page_id=262"},"modified":"2023-02-11T18:34:40","modified_gmt":"2023-02-11T18:34:40","slug":"cd","status":"publish","type":"page","link":"http:\/\/kapitaenmullebutz.lu\/?page_id=262","title":{"rendered":"Buttek"},"content":{"rendered":"\n<p>Mir w\u00ebssen, datt d\u00e9i kleng Piraten d&#8217;Musek g\u00e4re m\u00e9i dacks lauschteren. Duerfir w\u00eblle mir de Spaass verl\u00e4ngeren a bidden iech 3 Placken un, fir doheem ze lauschteren oder am Auto \u00ebnnerwee. Heivir hu mer bei de Profien e flotten Disc produz\u00e9iert, deen och den Erwuessene Spaass m\u00e9cht. De Georges Majerus a s\u00e4i Mixmaster Mike Butcher hunn un de richtege Kn\u00e4ppercher gedr\u00e9int an et f\u00e4erdeg bruecht, eis Musek an engem Sound vun haut ze present\u00e9ieren.<\/p>\n\n\n\n<p>Iwwerweist w.e.g. am beschten direkt op d&#8217;Kontosnummer <strong>LU48 0019 5355 1557 5000<\/strong> vun der AllerRetour Asbl. Vergiesst w.e.g. net, <strong>Nummer\/Faarf\/Titel<\/strong> an d&#8216;<strong>Unzuel<\/strong> u Placken an \u00e4r <strong>Adress <\/strong>unzeginn. Esoubal d&#8217;Iwwerweisung ukomm ass, sch\u00e9cke mer iech \u00e4r Bestellung fein mat der Post heem. Alles ganz easy, oder? <\/p>\n\n\n\n<p>15 EUR + 3 EUR Porto fir de <strong>rouden<\/strong> Disk (oder <strong>CD 1<\/strong>)<\/p>\n\n\n\n<p>15 EUR + 3 EUR Porto fir de <strong>bloen<\/strong> Disk (oder <strong>CD 2<\/strong>)<\/p>\n\n\n\n<p>20 EUR + 3 EUR Porto fir de neien&nbsp;<strong>gielen<\/strong> Disk (oder <strong>CD 3<\/strong>)<\/p>\n\n\n\n<p> Dir k\u00ebnnt elo och <strong>online mat \u00e4rer Kaart<\/strong> bezuelen. Yeah, endlech! <strong>MULLEBUTTEK LINK -&gt; <a rel=\"noreferrer noopener\" href=\"https:\/\/allerretour-luxembourg.sumupstore.com\/\" target=\"_blank\">https:\/\/allerretour-luxembourg.sumupstore.com\/<\/a><\/strong><\/p>\n\n\n<div class=\"wp-block-image\">\n<figure class=\"aligncenter\"><a href=\"https:\/\/allerretour-luxembourg.sumupstore.com\/\"><img loading=\"lazy\" decoding=\"async\" width=\"300\" height=\"268\" src=\"http:\/\/kapitaenmullebutz.lu\/wp-content\/uploads\/2022\/11\/Screenshot-2022-11-06-at-13.47.06-300x268.png\" alt=\"\" class=\"wp-image-1275\" srcset=\"http:\/\/kapitaenmullebutz.lu\/wp-content\/uploads\/2022\/11\/Screenshot-2022-11-06-at-13.47.06-300x268.png 300w, http:\/\/kapitaenmullebutz.lu\/wp-content\/uploads\/2022\/11\/Screenshot-2022-11-06-at-13.47.06-1024x914.png 1024w, http:\/\/kapitaenmullebutz.lu\/wp-content\/uploads\/2022\/11\/Screenshot-2022-11-06-at-13.47.06-768x685.png 768w, http:\/\/kapitaenmullebutz.lu\/wp-content\/uploads\/2022\/11\/Screenshot-2022-11-06-at-13.47.06-336x300.png 336w, http:\/\/kapitaenmullebutz.lu\/wp-content\/uploads\/2022\/11\/Screenshot-2022-11-06-at-13.47.06.png 1226w\" sizes=\"auto, (max-width: 300px) 100vw, 300px\" \/><\/a><\/figure><\/div>\n\n\n<p class=\"has-text-align-left\"><strong><span style=\"color: #000000;\">DE KAPIT\u00c4N MULLEBUTZ A SENG&nbsp;<\/span><\/strong><b style=\"font-size: revert;\"><span lang=\"FR-CH\">S\u00c9ISSWAASSERMATROUSEN SI SCHNEEKEG!<\/span><\/b><\/p>\n\n\n\n<p class=\"has-text-align-left\"><span style=\"color: #000000;\">Den <strong>3. MULLEBUTZ CD<\/strong> (oder <strong>Gielen Disk<\/strong>) mat 12&nbsp;fonkelneie Lidder ass iwwert de Summer\/Hierscht 2022 zu Berduerf opgeholl ginn. Yeah! <\/span> <a href=\"http:\/\/kapitaenmullebutz.lu\/wp-content\/uploads\/2015\/12\/IMG_7004.jpg\"><span style=\"color: #000000;\">M<\/span><\/a>usikalesch ass dat D\u00e9ngen nees SUPER ginn!&nbsp;De Steiermann Georgely huet allerbescht Arrangementer geschriwwen, d&#8217;St\u00ebmme wore geuelegt, de Maschinist Georges Majerus an de Mixmaster Mike Butcher hunn an den Tritone Studios eng fantastesch Aarbecht geleescht!<\/p>\n\n\n\n<p class=\"has-text-align-left\">Ma net n\u00ebmmen d&#8217;Musek ass flott, och den Artwork ass extra gutt gelongen! De&nbsp;Claude Grosch an d&#8217;Tessy Marque wore fir d\u00e9i 3. K\u00e9ier d&#8217;Dreamteam hannert der Grafik a mir sinn eis eens, datt et super sch\u00e9i ginn ass!<\/p>\n\n\n\n<p>De Release vum 3. Album wor den 02. Dezember 2022 an der Philharmonie L\u00ebtzebuerg.<\/p>\n\n\n<div class=\"wp-block-image\">\n<figure class=\"aligncenter\"><img loading=\"lazy\" decoding=\"async\" width=\"300\" height=\"268\" src=\"http:\/\/kapitaenmullebutz.lu\/wp-content\/uploads\/2022\/11\/Screenshot-2022-11-06-at-13.43.00-300x268.png\" alt=\"\" class=\"wp-image-1274\" srcset=\"http:\/\/kapitaenmullebutz.lu\/wp-content\/uploads\/2022\/11\/Screenshot-2022-11-06-at-13.43.00-300x268.png 300w, http:\/\/kapitaenmullebutz.lu\/wp-content\/uploads\/2022\/11\/Screenshot-2022-11-06-at-13.43.00-1024x915.png 1024w, http:\/\/kapitaenmullebutz.lu\/wp-content\/uploads\/2022\/11\/Screenshot-2022-11-06-at-13.43.00-768x686.png 768w, http:\/\/kapitaenmullebutz.lu\/wp-content\/uploads\/2022\/11\/Screenshot-2022-11-06-at-13.43.00-336x300.png 336w, http:\/\/kapitaenmullebutz.lu\/wp-content\/uploads\/2022\/11\/Screenshot-2022-11-06-at-13.43.00.png 1424w\" sizes=\"auto, (max-width: 300px) 100vw, 300px\" \/><\/figure><\/div>\n\n<div class=\"wp-block-image\">\n<figure class=\"aligncenter\"><img loading=\"lazy\" decoding=\"async\" width=\"1024\" height=\"493\" src=\"http:\/\/kapitaenmullebutz.lu\/wp-content\/uploads\/2022\/11\/Screenshot-2022-10-31-at-19.53.00-1-1024x493.png\" alt=\"\" class=\"wp-image-1421\" srcset=\"http:\/\/kapitaenmullebutz.lu\/wp-content\/uploads\/2022\/11\/Screenshot-2022-10-31-at-19.53.00-1-1024x493.png 1024w, http:\/\/kapitaenmullebutz.lu\/wp-content\/uploads\/2022\/11\/Screenshot-2022-10-31-at-19.53.00-1-300x144.png 300w, http:\/\/kapitaenmullebutz.lu\/wp-content\/uploads\/2022\/11\/Screenshot-2022-10-31-at-19.53.00-1-768x370.png 768w, http:\/\/kapitaenmullebutz.lu\/wp-content\/uploads\/2022\/11\/Screenshot-2022-10-31-at-19.53.00-1-1536x739.png 1536w, http:\/\/kapitaenmullebutz.lu\/wp-content\/uploads\/2022\/11\/Screenshot-2022-10-31-at-19.53.00-1-2048x986.png 2048w, http:\/\/kapitaenmullebutz.lu\/wp-content\/uploads\/2022\/11\/Screenshot-2022-10-31-at-19.53.00-1-500x241.png 500w\" sizes=\"auto, (max-width: 1024px) 100vw, 1024px\" \/><\/figure><\/div>\n\n\n<p><span style=\"color: #ffffff;\"><\/span><\/p>\n\n\n<div class=\"wp-block-image\">\n<figure class=\"aligncenter\"><img loading=\"lazy\" decoding=\"async\" width=\"1024\" height=\"670\" src=\"http:\/\/kapitaenmullebutz.lu\/wp-content\/uploads\/2022\/11\/IMG_3677-1024x670.jpeg\" alt=\"\" class=\"wp-image-1582\" srcset=\"http:\/\/kapitaenmullebutz.lu\/wp-content\/uploads\/2022\/11\/IMG_3677-1024x670.jpeg 1024w, http:\/\/kapitaenmullebutz.lu\/wp-content\/uploads\/2022\/11\/IMG_3677-300x196.jpeg 300w, http:\/\/kapitaenmullebutz.lu\/wp-content\/uploads\/2022\/11\/IMG_3677-768x503.jpeg 768w, http:\/\/kapitaenmullebutz.lu\/wp-content\/uploads\/2022\/11\/IMG_3677-1536x1005.jpeg 1536w, http:\/\/kapitaenmullebutz.lu\/wp-content\/uploads\/2022\/11\/IMG_3677-2048x1341.jpeg 2048w, http:\/\/kapitaenmullebutz.lu\/wp-content\/uploads\/2022\/11\/IMG_3677-458x300.jpeg 458w\" sizes=\"auto, (max-width: 1024px) 100vw, 1024px\" \/><\/figure><\/div>\n\n\n<hr class=\"wp-block-separator has-alpha-channel-opacity\"\/>\n\n\n\n<p><\/p>\n\n\n\n<div class=\"wp-block-media-text alignwide is-stacked-on-mobile\"><figure class=\"wp-block-media-text__media\"><img loading=\"lazy\" decoding=\"async\" width=\"759\" height=\"1024\" src=\"http:\/\/kapitaenmullebutz.lu\/wp-content\/uploads\/2023\/02\/E83213B8-E012-42A3-8471-5CC39125623A_1_105_c-759x1024.jpeg\" alt=\"\" class=\"wp-image-1735 size-full\" srcset=\"http:\/\/kapitaenmullebutz.lu\/wp-content\/uploads\/2023\/02\/E83213B8-E012-42A3-8471-5CC39125623A_1_105_c-759x1024.jpeg 759w, http:\/\/kapitaenmullebutz.lu\/wp-content\/uploads\/2023\/02\/E83213B8-E012-42A3-8471-5CC39125623A_1_105_c-222x300.jpeg 222w, http:\/\/kapitaenmullebutz.lu\/wp-content\/uploads\/2023\/02\/E83213B8-E012-42A3-8471-5CC39125623A_1_105_c.jpeg 763w\" sizes=\"auto, (max-width: 759px) 100vw, 759px\" \/><\/figure><div class=\"wp-block-media-text__content\">\n<p><strong>EXKLUSIVE SCHNEEKEG-TOUR MERCH<\/strong><\/p>\n\n\n\n<p><strong>SONNESTULL<\/strong><\/p>\n\n\n\n<p>mat Gedr\u00e9nks-Halter<\/p>\n\n\n\n<p>only 120 \u20ac<\/p>\n\n\n\n<p>Stabillen Design mat Illustratioun vum Claude Grosch.<\/p>\n\n\n\n<p>N\u00ebmmen op Bestellung op info@traffiktheater.com<\/p>\n\n\n\n<p><\/p>\n\n\n\n<p><\/p>\n<\/div><\/div>\n\n\n<div class=\"wp-block-image\">\n<figure class=\"aligncenter\"><img loading=\"lazy\" decoding=\"async\" width=\"300\" height=\"269\" src=\"http:\/\/kapitaenmullebutz.lu\/wp-content\/uploads\/2019\/10\/Screenshot-2019-10-17-at-15.01.39-300x269.png\" alt=\"\" class=\"wp-image-701\" srcset=\"http:\/\/kapitaenmullebutz.lu\/wp-content\/uploads\/2019\/10\/Screenshot-2019-10-17-at-15.01.39-300x269.png 300w, http:\/\/kapitaenmullebutz.lu\/wp-content\/uploads\/2019\/10\/Screenshot-2019-10-17-at-15.01.39-768x688.png 768w, http:\/\/kapitaenmullebutz.lu\/wp-content\/uploads\/2019\/10\/Screenshot-2019-10-17-at-15.01.39-1024x917.png 1024w, http:\/\/kapitaenmullebutz.lu\/wp-content\/uploads\/2019\/10\/Screenshot-2019-10-17-at-15.01.39-335x300.png 335w, http:\/\/kapitaenmullebutz.lu\/wp-content\/uploads\/2019\/10\/Screenshot-2019-10-17-at-15.01.39.png 1398w\" sizes=\"auto, (max-width: 300px) 100vw, 300px\" \/><\/figure><\/div>\n\n\n<h2 class=\"has-text-align-left wp-block-heading\"><strong>DE KAPIT\u00c4N MULLEBUTZ A SENG S\u00c9ISSWAASSERMATROUSEN SI WIBBELEG!<\/strong><\/h2>\n\n\n\n<p class=\"has-text-align-left\"><span style=\"color: #000000;\">Den<strong> 2. MULLEBUTZ CD<\/strong> (oder <strong>Bloen Disk<\/strong>) mat 18 Lidder ass m\u00ebttlerweil an den 2. Drock gaang, well d&#8217;Nofro esou grouss ass.<\/span> <\/p>\n\n\n\n<p class=\"has-text-align-left\"><span lang=\"DE\">De Kapit\u00e4n Mullebutz a seng S\u00e9isswaassermatrousen kommen vu hire Reesen nees zer\u00e9ck op L\u00ebtzebuerg an, let me tell you: si si wibbeleg! Aus der ganzer Welt hu se Lidder matbruecht fir d\u00e9i kleng &amp; grouss Piraten un d\u2019Boug\u00e9ieren ze kr\u00e9ien: DANZEN, SPRANGEN, SANGEN\u2026 Haaptsaach gutt Laun. Och d\u2019Madame Li w\u00ebll, datt hir Matrouseband fit g\u00ebtt an a Form k\u00ebnnt. <\/span><\/p>\n\n\n\n<p class=\"has-text-align-left\"><span lang=\"DE\">Bekannte Vollekslidder &amp; Songs vum Pir Kremer, Georges Urwald a Romy Grangenet treffen op &#8218;Greatest Hits&#8216; aus den leschte Joerz\u00e9ngte vun The Cure, Sister Sledge a Ray Charles. Op l\u00ebtzebuergesch a fir jidderee vu 4 Joer un.<\/span> <span lang=\"DE\">KOMMT SANGT A DANZT MAT EIS!<\/span><\/p>\n\n\n\n<p>De Release vum &#8218;Bloen Album&#8216; war den&nbsp;9. November 2019 an der Philharmonie L\u00ebtzebuerg.<\/p>\n\n\n\n<header class=\"main stickynav-on header-v1 follow\">\n<div id=\"hellobar\" class=\"band outset\">\n<div class=\"inner\">\n<div class=\"status\">&nbsp;<\/div>\n<\/div>\n<\/div>\n<\/header>\n\n\n\n<div id=\"content\">\n<div class=\"band padded default\">\n<div class=\"pub\" style=\"text-align: center;\"><strong>Hei als Virgeschmaach&nbsp;den \u00e9ischte Song vum Disk. Kl\u00e9ngt gutt, gell?<\/strong><\/div>\n<div><span style=\"color: #ffffff;\">.<\/span><\/div>\n<div>&nbsp;<\/div>\n<\/div>\n<\/div>\n\n\n\n<figure class=\"wp-block-audio\"><audio controls src=\"http:\/\/kapitaenmullebutz.lu\/wp-content\/uploads\/2019\/10\/DE-KAPIT\u00c4N-MULLEBUTZ-A-SENG-SEISSWAASSERMATROUSEN-DE-KAPIT\u00c4N-MULLEBUTZ-A-SENG-SEISSWAASSERMATROUSEN-SI-WIBBELEG-01-WANNS-.wav\"><\/audio><\/figure>\n\n\n<div class=\"wp-block-image\">\n<figure class=\"aligncenter\"><img loading=\"lazy\" decoding=\"async\" width=\"300\" height=\"157\" src=\"http:\/\/kapitaenmullebutz.lu\/wp-content\/uploads\/2019\/11\/75231842_10157512714194795_976933407177048064_n-300x157.jpg\" alt=\"\" class=\"wp-image-874\" srcset=\"http:\/\/kapitaenmullebutz.lu\/wp-content\/uploads\/2019\/11\/75231842_10157512714194795_976933407177048064_n-300x157.jpg 300w, http:\/\/kapitaenmullebutz.lu\/wp-content\/uploads\/2019\/11\/75231842_10157512714194795_976933407177048064_n-500x261.jpg 500w, http:\/\/kapitaenmullebutz.lu\/wp-content\/uploads\/2019\/11\/75231842_10157512714194795_976933407177048064_n.jpg 750w\" sizes=\"auto, (max-width: 300px) 100vw, 300px\" \/><\/figure><\/div>\n\n\n<p><span style=\"color: #ffffff;\">-.<\/span><\/p>\n\n\n<div class=\"wp-block-image\">\n<figure class=\"aligncenter\"><img loading=\"lazy\" decoding=\"async\" width=\"300\" height=\"276\" src=\"http:\/\/kapitaenmullebutz.lu\/wp-content\/uploads\/2015\/12\/Mullebutz-CD-1-300x276.jpg\" alt=\"Mullebutz CD 1\" class=\"wp-image-341\" srcset=\"http:\/\/kapitaenmullebutz.lu\/wp-content\/uploads\/2015\/12\/Mullebutz-CD-1-300x276.jpg 300w, http:\/\/kapitaenmullebutz.lu\/wp-content\/uploads\/2015\/12\/Mullebutz-CD-1-768x707.jpg 768w, http:\/\/kapitaenmullebutz.lu\/wp-content\/uploads\/2015\/12\/Mullebutz-CD-1-1024x943.jpg 1024w, http:\/\/kapitaenmullebutz.lu\/wp-content\/uploads\/2015\/12\/Mullebutz-CD-1-326x300.jpg 326w\" sizes=\"auto, (max-width: 300px) 100vw, 300px\" \/><\/figure><\/div>\n\n\n<p><strong><span lang=\"DE\"><\/span>DE KAPIT\u00c4N MULLEBUTZ A SENG S\u00c9ISSWAASSERMATROUSEN &#8211; LIVE<\/strong><\/p>\n\n\n\n<p><span lang=\"DE\">De bel\u00e9iften <strong>1.<span style=\"color: #000000;\"> MULLEBUTZ<\/span><\/strong><span style=\"color: #000000;\"> CD<\/span> (oder <strong>Rouden Disk<\/strong>) mat der Opnam vun de Concerten am Kapuzinertheater am Mee 2015 huet och missten nogedr\u00e9ckt ginn an ass nees disponibel<\/span>.<\/p>\n\n\n\n<p>De Kapit\u00e4n Mullebutz &amp; seng S\u00e9isswaassermatrousen komme vun enger laanger Rees nees zer\u00e9ck op L\u00ebtzebuerg. Hiert H\u00e4erz ass voller Musek an de Kapp ass voller Er\u00ebnnerungen un d\u2019L\u00e4nner, d\u00e9i si gesinn hunn. Ma doheem ass et awer am sch\u00e9insten an dofir w\u00eblle si mat hire Fr\u00ebnn e grousst Fest feieren. An Dir sidd invit\u00e9iert! De Kapit\u00e4n Mullebutz, d\u2019Madame Li an d\u2019S\u00e9isswaassermatrousen sange flott Kannerlidder vun heiheem an aus frieme L\u00e4nner. D\u2019Lidder erziele vun den Abenteuer d\u00e9i si erlieft hunn, vum Liewen um Sch\u00ebff a wat ee brauch fir e richtege Matrous ze sinn.<\/p>\n\n\n\n<p>De Kapit\u00e4n Mullebutz &amp; seng S\u00e9isswaassermatrousen spille bekannte Volleks- a Kannerlidder vum Pir Kremer a Jempy Kemmer, Toni Schuster a Marcel Reuland, Michel Lentz, Georges Urwald, oder Romy Grangenet a Ralph Kilburg. Si invit\u00e9ieren d\u2019Kanner zesumme mat hiren Elteren, e flotten Nom\u00ebtteg ze erliewen.&nbsp;60 Minutte feinste Mullebutz-Spaass fir di ganz Famill!<\/p>\n\n\n\n<p>D\u2019Uropf\u00e9ierunge wore vum 15. bis 18. Mee 2015 am Kapuzinertheater vun der Stad L\u00ebtzebuerg.<\/p>\n\n\n\n<figure class=\"wp-block-image is-resized\"><img loading=\"lazy\" decoding=\"async\" src=\"http:\/\/kapitaenmullebutz.lu\/wp-content\/uploads\/2015\/12\/Mullebutz-CD-2-300x156.jpg\" alt=\"Mullebutz CD 2\" class=\"wp-image-339\" width=\"308\" height=\"160\" srcset=\"http:\/\/kapitaenmullebutz.lu\/wp-content\/uploads\/2015\/12\/Mullebutz-CD-2-300x156.jpg 300w, http:\/\/kapitaenmullebutz.lu\/wp-content\/uploads\/2015\/12\/Mullebutz-CD-2-768x400.jpg 768w, http:\/\/kapitaenmullebutz.lu\/wp-content\/uploads\/2015\/12\/Mullebutz-CD-2-1024x534.jpg 1024w, http:\/\/kapitaenmullebutz.lu\/wp-content\/uploads\/2015\/12\/Mullebutz-CD-2-500x261.jpg 500w\" sizes=\"auto, (max-width: 308px) 100vw, 308px\" \/><\/figure>\n\n\n\n<p>Produktioun: <strong>Chantier mobile asbl<\/strong><br>Koproduktioun: <strong>Les Th\u00e9\u00e2tres de la Ville de Luxembourg<\/strong><\/p>\n\n\n\n<figure class=\"wp-block-image\"><a href=\"http:\/\/kapitaenmullebutz.lu\/wp-content\/uploads\/2015\/04\/TVL_A4-Logo.jpg\"><img loading=\"lazy\" decoding=\"async\" width=\"300\" height=\"83\" src=\"http:\/\/kapitaenmullebutz.lu\/wp-content\/uploads\/2015\/04\/TVL_A4-Logo-300x83.jpg\" alt=\"Logo_defdef_d_a\" class=\"wp-image-150\" srcset=\"http:\/\/kapitaenmullebutz.lu\/wp-content\/uploads\/2015\/04\/TVL_A4-Logo-300x83.jpg 300w, http:\/\/kapitaenmullebutz.lu\/wp-content\/uploads\/2015\/04\/TVL_A4-Logo-1024x282.jpg 1024w, http:\/\/kapitaenmullebutz.lu\/wp-content\/uploads\/2015\/04\/TVL_A4-Logo-500x138.jpg 500w, http:\/\/kapitaenmullebutz.lu\/wp-content\/uploads\/2015\/04\/TVL_A4-Logo.jpg 1259w\" sizes=\"auto, (max-width: 300px) 100vw, 300px\" \/><\/a><\/figure>\n\n\n\n<p class=\"has-text-align-left\"><strong>Mat der \u00cbnnerst\u00ebtzung vum Minist\u00e8re de la Culture, der Sacem &amp; der Fondation ind\u00e9pendance.<\/strong><\/p>\n\n\n\n<figure class=\"wp-block-image\"><a href=\"http:\/\/kapitaenmullebutz.lu\/wp-content\/uploads\/2015\/04\/GOUV_MC.jpg\"><img loading=\"lazy\" decoding=\"async\" width=\"300\" height=\"75\" src=\"http:\/\/kapitaenmullebutz.lu\/wp-content\/uploads\/2015\/04\/GOUV_MC-300x75.jpg\" alt=\"GOUV_MC\" class=\"wp-image-147\" srcset=\"http:\/\/kapitaenmullebutz.lu\/wp-content\/uploads\/2015\/04\/GOUV_MC-300x75.jpg 300w, http:\/\/kapitaenmullebutz.lu\/wp-content\/uploads\/2015\/04\/GOUV_MC-1024x256.jpg 1024w, http:\/\/kapitaenmullebutz.lu\/wp-content\/uploads\/2015\/04\/GOUV_MC-500x125.jpg 500w, http:\/\/kapitaenmullebutz.lu\/wp-content\/uploads\/2015\/04\/GOUV_MC.jpg 1826w\" sizes=\"auto, (max-width: 300px) 100vw, 300px\" \/><\/a><\/figure>\n\n\n\n<p class=\"has-text-align-center\">&nbsp;&nbsp; <\/p>\n\n\n\n<figure class=\"wp-block-image\"><a href=\"http:\/\/kapitaenmullebutz.lu\/wp-content\/uploads\/2015\/04\/Logo-fondation-independance.jpg\"><img loading=\"lazy\" decoding=\"async\" width=\"300\" height=\"138\" src=\"http:\/\/kapitaenmullebutz.lu\/wp-content\/uploads\/2015\/04\/sacem_z2003_color-300x138.png\" alt=\"sacem_z2003_color\" class=\"wp-image-146\" srcset=\"http:\/\/kapitaenmullebutz.lu\/wp-content\/uploads\/2015\/04\/sacem_z2003_color-300x138.png 300w, http:\/\/kapitaenmullebutz.lu\/wp-content\/uploads\/2015\/04\/sacem_z2003_color-500x231.png 500w, http:\/\/kapitaenmullebutz.lu\/wp-content\/uploads\/2015\/04\/sacem_z2003_color.png 800w\" sizes=\"auto, (max-width: 300px) 100vw, 300px\" \/><\/a><\/figure>\n\n\n\n<figure class=\"wp-block-image\"><a href=\"http:\/\/kapitaenmullebutz.lu\/wp-content\/uploads\/2015\/04\/Logo-fondation-independance.jpg\"><img loading=\"lazy\" decoding=\"async\" width=\"200\" height=\"39\" src=\"http:\/\/kapitaenmullebutz.lu\/wp-content\/uploads\/2015\/04\/Logo-fondation-independance.jpg\" alt=\"Logo-fondation-independance\" class=\"wp-image-145\"\/><\/a><\/figure>\n","protected":false},"excerpt":{"rendered":"<p>Mir w\u00ebssen, datt d\u00e9i kleng Piraten d&#8217;Musek g\u00e4re m\u00e9i dacks lauschteren. Duerfir w\u00eblle mir de Spaass verl\u00e4ngeren a bidden iech 3 Placken un, fir doheem ze lauschteren oder am Auto \u00ebnnerwee. Heivir hu mer bei de Profien e flotten Disc &hellip; <a href=\"http:\/\/kapitaenmullebutz.lu\/?page_id=262\">Weiterlesen <span class=\"meta-nav\">&rarr;<\/span><\/a><\/p>\n","protected":false},"author":1,"featured_media":0,"parent":0,"menu_order":0,"comment_status":"closed","ping_status":"closed","template":"","meta":{"footnotes":""},"class_list":["post-262","page","type-page","status-publish","hentry"],"_links":{"self":[{"href":"http:\/\/kapitaenmullebutz.lu\/index.php?rest_route=\/wp\/v2\/pages\/262","targetHints":{"allow":["GET"]}}],"collection":[{"href":"http:\/\/kapitaenmullebutz.lu\/index.php?rest_route=\/wp\/v2\/pages"}],"about":[{"href":"http:\/\/kapitaenmullebutz.lu\/index.php?rest_route=\/wp\/v2\/types\/page"}],"author":[{"embeddable":true,"href":"http:\/\/kapitaenmullebutz.lu\/index.php?rest_route=\/wp\/v2\/users\/1"}],"replies":[{"embeddable":true,"href":"http:\/\/kapitaenmullebutz.lu\/index.php?rest_route=%2Fwp%2Fv2%2Fcomments&post=262"}],"version-history":[{"count":60,"href":"http:\/\/kapitaenmullebutz.lu\/index.php?rest_route=\/wp\/v2\/pages\/262\/revisions"}],"predecessor-version":[{"id":1737,"href":"http:\/\/kapitaenmullebutz.lu\/index.php?rest_route=\/wp\/v2\/pages\/262\/revisions\/1737"}],"wp:attachment":[{"href":"http:\/\/kapitaenmullebutz.lu\/index.php?rest_route=%2Fwp%2Fv2%2Fmedia&parent=262"}],"curies":[{"name":"wp","href":"https:\/\/api.w.org\/{rel}","templated":true}]}}